{"id":461,"date":"2016-10-07T10:30:02","date_gmt":"2016-10-07T08:30:02","guid":{"rendered":"http:\/\/www.newtritionink.de\/cucina_tuberosa\/?page_id=461"},"modified":"2021-09-02T10:40:20","modified_gmt":"2021-09-02T08:40:20","slug":"casa","status":"publish","type":"page","link":"http:\/\/www.newtritionink.de\/cucina_tuberosa\/es\/casa\/","title":{"rendered":"Casa"},"content":{"rendered":"<p style=\"text-align: justify;\">\n\t<a href=\"http:\/\/www.newtritionink.de\/cucina_tuberosa\/wp-content\/uploads\/2016\/04\/Peter-Knollen.jpg\" rel=\"noopener\" target=\"\" title=\"\"><img loading=\"lazy\" alt=\"Peter-Knollen\" class=\"alignright size-large wp-image-189\" height=\"353\" src=\"http:\/\/www.newtritionink.de\/cucina_tuberosa\/wp-content\/uploads\/2016\/04\/Peter-Knollen-682x1024.jpg\" style=\"border: 5px solid #008f00;\" title=\"\" width=\"235\" srcset=\"http:\/\/www.newtritionink.de\/cucina_tuberosa\/wp-content\/uploads\/2016\/04\/Peter-Knollen-682x1024.jpg 682w, http:\/\/www.newtritionink.de\/cucina_tuberosa\/wp-content\/uploads\/2016\/04\/Peter-Knollen-200x300.jpg 200w, http:\/\/www.newtritionink.de\/cucina_tuberosa\/wp-content\/uploads\/2016\/04\/Peter-Knollen-624x936.jpg 624w, http:\/\/www.newtritionink.de\/cucina_tuberosa\/wp-content\/uploads\/2016\/04\/Peter-Knollen.jpg 800w\" sizes=\"(max-width: 235px) 100vw, 235px\" \/><\/a>\n<\/p>\n<p style=\"text-align: justify;\">\n\t&nbsp;\n<\/p>\n<p style=\"text-align: justify;\">\n\t<span style=\"font-size:20px;\">Junto con el deseo de compartir mi fascinaci&oacute;n por alimentos y v&iacute;veres desconocidos, quiero con este proyecto y por medio de tub&eacute;rculos exquisitos hasta ahora muy poco utilizados, los cuales podr&iacute;amos comer en lugar de patatas llenar los vac&iacute;os de conocimiento existentes en la formaci&oacute;n de cocineros, as&iacute; como tambi&eacute;n aquellos relacionados a la pir&aacute;mide alimenticia y de nuestra cultura gastron&oacute;mica.<\/span>\n<\/p>\n<p style=\"text-align: center;\">\n\t<span style=\"font-size:20px;\"><strong>Porque: &ldquo;detr&aacute;s del consumo exagerado y diario de patatas se abren<br \/>\n\tpara mi nuevos horizontes de aromas y posibilidades<br \/>\n\ten el &aacute;rea de la prevenci&oacute;n de la salud&rdquo;.<\/strong><\/span>\n<\/p>\n<p style=\"clear:both;\">\n\t&nbsp;\n<\/p>\n<p style=\"text-align: justify;\">\n\t<span style=\"font-size:20px;\">Con un fundado conocimiento y comprensi&oacute;n acerca del tema ofrec&iacute; por primera vez en el 2004 un seminario titulado &ldquo;no siempre tienen que ser patatas&rdquo;, esto porque en un tercio de nuestros platillos son casi exclusivamente patatas las guarniciones de almidones o mejor dicho carbohidratos que nos son servidas. Puede ser que esta monoton&iacute;a alimenticia sea el camino mas f&aacute;cil para saciarse y tambi&eacute;n abarcable para el comercio, pero el consumo masivo y unilateral de alimentos no es realmente la manera adecuada para una &ldquo;forma de vida omn&iacute;vora&rdquo; como la de los seres humanos y tampoco acorde a nuestra especie. Adem&aacute;s de esto el enorme monocultivo de patatas requiere el uso ininterrumpido de pesticidas as&iacute; como tambi&eacute;n provoca la extinci&oacute;n de nuestros paisajes culturales.<\/span>\n<\/p>\n<p style=\"text-align: justify;\">\n\t<span style=\"font-size:20px;\">Consumidores pueden generar un movimiento significativo con la decisi&oacute;n de consumo que toman. Por ejemplo al comer una porci&oacute;n menos de patatas fritas congeladas y en vez de eso probar mas seguido otros tub&eacute;rculos frescos del mercado.<\/span>\n<\/p>\n<p style=\"text-align: center;\">\n\t<span style=\"font-size:20px;\"><strong>Patatas fritas congeladas vs. Diversidad de tub&eacute;rculos<\/strong><\/span>\n<\/p>\n<p style=\"text-align: center;\">\n\t<a href=\"http:\/\/www.newtritionink.de\/cucina_tuberosa\/wp-content\/uploads\/2016\/04\/tk-pommes.jpg\" rel=\"noopener\" style=\"\" target=\"\" title=\"\"><img loading=\"lazy\" alt=\"tk pommes\" class=\"size-large wp-image-208 \" height=\"250\" src=\"http:\/\/www.newtritionink.de\/cucina_tuberosa\/wp-content\/uploads\/2016\/04\/tk-pommes-1024x696.jpg\" style=\"border: 5px solid rgb(255, 38, 0); margin-right:20px;\" title=\"\" width=\"368\" srcset=\"http:\/\/www.newtritionink.de\/cucina_tuberosa\/wp-content\/uploads\/2016\/04\/tk-pommes-1024x696.jpg 1024w, http:\/\/www.newtritionink.de\/cucina_tuberosa\/wp-content\/uploads\/2016\/04\/tk-pommes-300x204.jpg 300w, http:\/\/www.newtritionink.de\/cucina_tuberosa\/wp-content\/uploads\/2016\/04\/tk-pommes-624x424.jpg 624w, http:\/\/www.newtritionink.de\/cucina_tuberosa\/wp-content\/uploads\/2016\/04\/tk-pommes.jpg 1587w\" sizes=\"(max-width: 368px) 100vw, 368px\" \/><\/a> <a href=\"http:\/\/www.newtritionink.de\/cucina_tuberosa\/wp-content\/uploads\/2016\/04\/Knollen.jpg\" rel=\"noopener\" style=\"\" target=\"\" title=\"\"><img loading=\"lazy\" alt=\"Knollen\" class=\"size-full wp-image-207\" height=\"250\" src=\"http:\/\/www.newtritionink.de\/cucina_tuberosa\/wp-content\/uploads\/2016\/04\/Knollen.jpg\" style=\"border: 5px solid rgb(0, 143, 0); margin-left:20px;\" title=\"\" width=\"380\" \/><\/a>\n<\/p>\n<p style=\"clear:both;\">\n\t&nbsp;\n<\/p>\n<p style=\"text-align: justify;\">\n\t<span style=\"font-size:20px;\">Decenas de otros vegetales se ofrecen tambi&eacute;n para cubrir de igual manera que las patatas nuestra demanda diaria de calor&iacute;as, pero aparte de eso nos muestran caracter&iacute;sticas especificas de su complejo vitam&iacute;nico micronutriente el cual es el resultado de millones de a&ntilde;os de existencia y del &eacute;xito de su historia bioqu&iacute;mica a ra&iacute;z de esta. Estos vegetales comparten su exitosa composici&oacute;n vitam&iacute;nica con nosotros al ser utilizados como alimento.<\/span>\n<\/p>\n<p style=\"text-align: justify;\">\n\t<span style=\"font-size:20px;\">Para hacer realidad una amplia merceolog&iacute;a de tub&eacute;rculos y ra&iacute;ces tuberosas tengo que trasladarme al origen de la civilizaci&oacute;n porque muchas de estas potenciales plantas tuberosas nunca han sido domesticadas.<\/span>\n<\/p>\n<p>\n\t<a href=\"http:\/\/www.newtritionink.de\/cucina_tuberosa\/wp-content\/uploads\/2016\/03\/knollen.jpg\" rel=\"noopener\" style=\"\" target=\"\" title=\"\"><img loading=\"lazy\" alt=\"knollen\" class=\"alignright size-full wp-image-160\" height=\"350\" src=\"http:\/\/www.newtritionink.de\/cucina_tuberosa\/wp-content\/uploads\/2016\/03\/knollen.jpg\" style=\"\" title=\"\" width=\"263\" srcset=\"http:\/\/www.newtritionink.de\/cucina_tuberosa\/wp-content\/uploads\/2016\/03\/knollen.jpg 748w, http:\/\/www.newtritionink.de\/cucina_tuberosa\/wp-content\/uploads\/2016\/03\/knollen-225x300.jpg 225w, http:\/\/www.newtritionink.de\/cucina_tuberosa\/wp-content\/uploads\/2016\/03\/knollen-624x830.jpg 624w\" sizes=\"(max-width: 263px) 100vw, 263px\" \/><\/a>\n<\/p>\n<p style=\"text-align: justify;\">\n\t&nbsp;\n<\/p>\n<p style=\"text-align: justify;\">\n\t&nbsp;\n<\/p>\n<p style=\"text-align: justify;\">\n\t<span style=\"font-size:20px;\">En la primera parte de mi libro de cocina de tub&eacute;rculos (editorial Kosmos) presento 18 vegetales alternativos a las patatas. Los vegetales presentados en esta parte del libro ya cuentan con cierta infraestructura ya que pueden ser adquiridos en el mercado, otros pueden ser importados y los dem&aacute;s pueden conseguirse en establecimientos de horticultura y viveros para posteriormente ser cultivados para el consumo propio.<\/span>\n<\/p>\n<p style=\"clear:both;\">\n\t&nbsp;\n<\/p>\n<p>\n\t<a href=\"http:\/\/www.newtritionink.de\/cucina_tuberosa\/wp-content\/uploads\/2013\/07\/cover_kuechenschaetze_front.jpg\" rel=\"noopener\" style=\"\" target=\"\" title=\"\"><img loading=\"lazy\" alt=\"cover_kuechenschaetze_front\" class=\"alignleft size-large wp-image-236\" height=\"363\" src=\"http:\/\/www.newtritionink.de\/cucina_tuberosa\/wp-content\/uploads\/2013\/07\/cover_kuechenschaetze_front-731x1024.jpg\" style=\"\" title=\"\" width=\"259\" srcset=\"http:\/\/www.newtritionink.de\/cucina_tuberosa\/wp-content\/uploads\/2013\/07\/cover_kuechenschaetze_front-731x1024.jpg 731w, http:\/\/www.newtritionink.de\/cucina_tuberosa\/wp-content\/uploads\/2013\/07\/cover_kuechenschaetze_front-214x300.jpg 214w, http:\/\/www.newtritionink.de\/cucina_tuberosa\/wp-content\/uploads\/2013\/07\/cover_kuechenschaetze_front-624x873.jpg 624w, http:\/\/www.newtritionink.de\/cucina_tuberosa\/wp-content\/uploads\/2013\/07\/cover_kuechenschaetze_front.jpg 1820w\" sizes=\"(max-width: 259px) 100vw, 259px\" \/><\/a>\n<\/p>\n<p style=\"text-align: justify;\">\n\t<span style=\"font-size:20px;\">En la segunda parte recomiendo 70 plantas tuberosas y tub&eacute;rculos como nuevas plantas de cultivo, las cuales podr&iacute;an revolucionar la gastronom&iacute;a y la agricultura, influenciar el comercio mundial de forma sustentable, as&iacute; como tambi&eacute;n ampliar nuestra alimentaci&oacute;n en un modo m&aacute;s acorde a las necesidades individuales y propias de nuestra especie.<\/span>\n<\/p>\n<p style=\"text-align: justify;\">\n\t<span style=\"font-size:20px;\">Ambos libros han sido publicados en el verano del 2016 y pueden ser ordenados directamente en l&iacute;nea por medio de la tienda online de esta p&aacute;gina. Actualmente estoy en busca de casas editoriales en los Estados Unidos, Inglaterra, Francia, Latinoam&eacute;rica y Espa&ntilde;a para tambi&eacute;n editar los libros en ingl&eacute;s, franc&eacute;s y espa&ntilde;ol con el prop&oacute;sito de desarrollar una transparencia internacional en proyectos hermanados.<\/span>\n<\/p>\n<p style=\"clear:both;\">\n\t&nbsp;\n<\/p>\n<p style=\"text-align: justify;\">\n\t<span style=\"font-size:20px;\">No se trata solamente de reemplazar a las patatas como guarnici\u00f3n en nuestros platillos con otros tub\u00e9rculos. \u00a1El estudio extensivo de estos vegetales abre mundos!. En mi \u201ccocina de tub\u00e9rculos\u201d empleo, de arriba abajo: Las ra\u00edces de la escarola para la preparaci\u00f3n de una deliciosa salsa BBQ, las ra\u00edces del diente de le\u00f3n para preparar un helado a base de crema fant\u00e1stico, con patatas vitelotte y violas orneo unas galletitas incre\u00edbles y con camotes o patatas dulces unos pasteles de queso \u00fanicos.<\/span>\n<\/p>\n<p style=\"clear:both;\">\n\t&nbsp;\n<\/p>\n<p style=\"text-align: center;\">\n\t<a href=\"http:\/\/www.newtritionink.de\/cucina_tuberosa\/wp-content\/uploads\/2016\/04\/links-oben.jpg\" rel=\"noopener\" style=\"\" target=\"\" title=\"\"><img loading=\"lazy\" alt=\"links oben\" class=\"size-full wp-image-241 \" height=\"210\" src=\"http:\/\/www.newtritionink.de\/cucina_tuberosa\/wp-content\/uploads\/2016\/04\/links-oben.jpg\" style=\"margin-right: 20px;\" title=\"\" width=\"168\" \/><\/a> <a href=\"http:\/\/www.newtritionink.de\/cucina_tuberosa\/wp-content\/uploads\/2016\/04\/rechts-oben.jpg\" rel=\"noopener\" style=\"\" target=\"\" title=\"\"><img loading=\"lazy\" alt=\"rechts oben\" class=\"size-full wp-image-243 \" height=\"210\" src=\"http:\/\/www.newtritionink.de\/cucina_tuberosa\/wp-content\/uploads\/2016\/04\/rechts-oben.jpg\" style=\"margin-right: 20px;\" title=\"\" width=\"201\" \/><\/a> <a href=\"http:\/\/www.newtritionink.de\/cucina_tuberosa\/wp-content\/uploads\/2016\/04\/links-unten.jpg\" rel=\"noopener\" style=\"\" target=\"\" title=\"\"><img loading=\"lazy\" alt=\"links unten\" class=\"size-full wp-image-242\" height=\"210\" src=\"http:\/\/www.newtritionink.de\/cucina_tuberosa\/wp-content\/uploads\/2016\/04\/links-unten.jpg\" style=\"margin-right: 20px;\" title=\"\" width=\"209\" srcset=\"http:\/\/www.newtritionink.de\/cucina_tuberosa\/wp-content\/uploads\/2016\/04\/links-unten.jpg 184w, http:\/\/www.newtritionink.de\/cucina_tuberosa\/wp-content\/uploads\/2016\/04\/links-unten-150x150.jpg 150w\" sizes=\"(max-width: 209px) 100vw, 209px\" \/><\/a> <a href=\"http:\/\/www.newtritionink.de\/cucina_tuberosa\/wp-content\/uploads\/2016\/04\/rechts-unten.jpg\" rel=\"noopener\" style=\"\" target=\"\" title=\"\"><img loading=\"lazy\" alt=\"rechts unten\" class=\"size-full wp-image-244 \" height=\"210\" src=\"http:\/\/www.newtritionink.de\/cucina_tuberosa\/wp-content\/uploads\/2016\/04\/rechts-unten.jpg\" style=\"\" title=\"\" width=\"272\" \/><\/a>\n<\/p>\n<p style=\"clear:both;\">\n\t&nbsp;\n<\/p>\n<p style=\"text-align: justify;\">\n\t<span style=\"font-size:20px;\">Estas plantas pueden ser la respuesta a la pregunta como es que la agricultura cambia cuando el nivel del mar sube 2 metros y la tolerancia al agua salada se vuelve mas importante que la mayor posible cosecha, o que plantas de cultivo crecen y se desarrollan en zonas de alta monta\u00f1a.<\/span>\n<\/p>\n<p style=\"text-align: justify;\">\n\t<span style=\"font-size:20px;\">Estos vegetales se ofrecen como productos nichos o mejor dicho como productos especializados, con los que agricultores como productores de productos de caracter\u00edsticas excepcionales puedan elaborar sus propios precios y en el proceso de comercializaci\u00f3n directa obtener ganancias al 100%.<\/span>\n<\/p>\n<p style=\"text-align: justify;\">\n\t<span style=\"font-size:20px;\">Si estos tub\u00e9rculos llegan a obtener un valor mercantil puede esto hacer posible que haya una investigaci\u00f3n intensiva lo cual implica que se obtengan conocimientos importantes en esta \u00e1rea.<\/span>\n<\/p>\n<p style=\"text-align: justify;\">\n\t<span style=\"font-size:20px;\">En los siguientes enlaces, los cuales ser\u00e1n actualizados de manera continua quiero formar una red de estudio e investigaci\u00f3n de tub\u00e9rculos y plantas tuberosas y al mismo tiempo iniciar un sistema de procesamiento de datos, para encontrar a los especialistas correspondientes de cada una de estas plantas.<\/span>\n<\/p>\n<p style=\"text-align: justify;\">\n\t<span style=\"font-size:20px;\">\u00bfQui\u00e9n se ha dedicado a escala mundial m\u00e1s intensivamente con el cultivo de alrededor 90 tipos de tub\u00e9rculos y plantas tuberosas? \u00bfD\u00f3nde se pueden comprar semillas o ra\u00edces de estas plantas para el cultivo?<\/span>\n<\/p>\n<p style=\"text-align: justify;\">\n\t<span style=\"font-size:20px;\">\u00bfQu\u00e9 comunidad en alguna parte de \u00c1frica podr\u00eda ajustar su producci\u00f3n para mandar mensualmente un quintal de tub\u00e9rculos a Alemania bajo condiciones de FairTrade, para que yo pueda obtener el material para mis seminarios?<\/span>\n<\/p>\n<p style=\"text-align: justify;\">\n\t<span style=\"font-size:20px;\">\u00bfQu\u00e9 clubs de jardiner\u00eda o agricultor quiere apadrinar una especie de tub\u00e9rculo y cultivarla para mi o probar su cultivo?<\/span>\n<\/p>\n<p style=\"text-align: justify;\">\n\t<span style=\"font-size:20px;\">Para sugerencias, contribuir con nuevos enlaces, si es usted comerciante, voluntario en pa\u00edses en v\u00edas de desarrollo o jardinero interesado en el tema, puede contactar conmigo en: info@newtritionink.de<\/span>\n<\/p>\n<p style=\"text-align: justify;\">\n\t<span style=\"font-size:20px;\"><strong>Fuentes de compra y suministradores, enlaces y reportajes sobre tub\u00e9rculos en el Blog abajo mencionado.<\/strong><\/span>\n<\/p>\n<p style=\"text-align: justify;\">\n\t<span style=\"font-size:20px;\"><strong>Mi <a href=\"http:\/\/cucina-tuberosa.blogspot.de\/\">Cucina Tuberosa Blog<\/a> en Ingl\u00e9s<\/strong><\/span><\/p>\n","protected":false},"excerpt":{"rendered":"<p>&nbsp; Junto con el deseo de compartir mi fascinaci&oacute;n por alimentos y v&iacute;veres desconocidos, quiero con este proyecto y por medio de tub&eacute;rculos exquisitos hasta ahora muy poco utilizados, los cuales podr&iacute;amos comer en lugar de patatas llenar los vac&iacute;os de conocimiento existentes en la formaci&oacute;n de cocineros, as&iacute; como tambi&eacute;n aquellos relacionados a la [&hellip;]<\/p>\n","protected":false},"author":1,"featured_media":0,"parent":0,"menu_order":0,"comment_status":"closed","ping_status":"closed","template":"","meta":[],"_links":{"self":[{"href":"http:\/\/www.newtritionink.de\/cucina_tuberosa\/wp-json\/wp\/v2\/pages\/461"}],"collection":[{"href":"http:\/\/www.newtritionink.de\/cucina_tuberosa\/wp-json\/wp\/v2\/pages"}],"about":[{"href":"http:\/\/www.newtritionink.de\/cucina_tuberosa\/wp-json\/wp\/v2\/types\/page"}],"author":[{"embeddable":true,"href":"http:\/\/www.newtritionink.de\/cucina_tuberosa\/wp-json\/wp\/v2\/users\/1"}],"replies":[{"embeddable":true,"href":"http:\/\/www.newtritionink.de\/cucina_tuberosa\/wp-json\/wp\/v2\/comments?post=461"}],"version-history":[{"count":4,"href":"http:\/\/www.newtritionink.de\/cucina_tuberosa\/wp-json\/wp\/v2\/pages\/461\/revisions"}],"predecessor-version":[{"id":485,"href":"http:\/\/www.newtritionink.de\/cucina_tuberosa\/wp-json\/wp\/v2\/pages\/461\/revisions\/485"}],"wp:attachment":[{"href":"http:\/\/www.newtritionink.de\/cucina_tuberosa\/wp-json\/wp\/v2\/media?parent=461"}],"curies":[{"name":"wp","href":"https:\/\/api.w.org\/{rel}","templated":true}]}}